{"id":249,"date":"2020-07-30T04:41:38","date_gmt":"2020-07-30T04:41:38","guid":{"rendered":"http:\/\/culturainglesamanaus.com.br\/2020\/?page_id=249"},"modified":"2020-07-30T04:42:45","modified_gmt":"2020-07-30T04:42:45","slug":"kids","status":"publish","type":"page","link":"https:\/\/culturainglesamanaus.com.br\/2020\/kids\/","title":{"rendered":"Kids"},"content":{"rendered":"<p>[et_pb_section fb_built=&#8221;1&#8243; _builder_version=&#8221;4.5.1&#8243; background_color=&#8221;rgba(0,0,0,0.8)&#8221; background_image=&#8221;http:\/\/culturainglesamanaus.com.br\/2020\/wp-content\/uploads\/2020\/07\/london-lights-P6UC6ZW-scaled.jpg&#8221; background_blend=&#8221;overlay&#8221; background_enable_video_mp4=&#8221;off&#8221; custom_margin=&#8221;0px|0px|0px|0px|false|false&#8221; custom_padding=&#8221;50px|0px|0px|0px|false|false&#8221;][et_pb_row column_structure=&#8221;1_2,1_2&#8243; custom_padding_last_edited=&#8221;on|phone&#8221; _builder_version=&#8221;4.4.8&#8243; module_alignment=&#8221;center&#8221; custom_padding=&#8221;||||false|false&#8221; custom_padding_tablet=&#8221;||||false|false&#8221; custom_padding_phone=&#8221;||||false|false&#8221;][et_pb_column type=&#8221;1_2&#8243; _builder_version=&#8221;4.4.8&#8243;][et_pb_text _builder_version=&#8221;4.4.8&#8243; text_font=&#8221;Gotham||||||||&#8221; text_text_color=&#8221;#ffffff&#8221; text_font_size=&#8221;16px&#8221; header_font=&#8221;Gotham|700|||||||&#8221; header_text_color=&#8221;#ffffff&#8221; header_font_size=&#8221;50px&#8221; header_font_size_phone=&#8221;40px&#8221; header_font_size_last_edited=&#8221;off|phone&#8221;]<\/p>\n<h1>Cultura Kids<\/h1>\n<p>[\/et_pb_text][et_pb_divider color=&#8221;#df0023&#8243; divider_weight=&#8221;3px&#8221; _builder_version=&#8221;4.5.1&#8243; custom_margin=&#8221;0px||0px||false|false&#8221;][\/et_pb_divider][et_pb_text _builder_version=&#8221;4.5.1&#8243; _module_preset=&#8221;default&#8221; header_font=&#8221;Gotham||||||||&#8221; header_text_color=&#8221;#ffffff&#8221; header_4_font=&#8221;Gotham||||||||&#8221; header_4_text_color=&#8221;#ffffff&#8221; header_4_line_height=&#8221;1.4em&#8221;]<\/p>\n<h4>O curso para crian\u00e7as de 3 a 6 anos que \u00e9 a cara da Cultura Inglesa: divertido, com brincadeiras e onde as crian\u00e7as aprendem atrav\u00e9s de experi\u00eancias.<\/h4>\n<p>[\/et_pb_text][et_pb_button button_text=&#8221;Voltar aos cursos&#8221; _builder_version=&#8221;4.5.1&#8243; _module_preset=&#8221;default&#8221; button_alignment=&#8221;left&#8221; button_url=&#8221;http:\/\/culturainglesamanaus.com.br\/2020\/cursos\/&#8221; hover_enabled=&#8221;0&#8243;][\/et_pb_button][\/et_pb_column][et_pb_column type=&#8221;1_2&#8243; _builder_version=&#8221;4.4.8&#8243;][et_pb_image src=&#8221;http:\/\/culturainglesamanaus.com.br\/2020\/wp-content\/uploads\/2020\/07\/cultura-kids-1.png&#8221; title_text=&#8221;cultura-kids&#8221; _builder_version=&#8221;4.5.1&#8243; _module_preset=&#8221;70b43534-7725-4c46-995d-1aef2b36fd5d&#8221; border_radii=&#8221;on|3px|3px|3px|3px&#8221;][\/et_pb_image][\/et_pb_column][\/et_pb_row][\/et_pb_section][et_pb_section fb_built=&#8221;1&#8243; _builder_version=&#8221;4.4.8&#8243; background_enable_color=&#8221;off&#8221;][et_pb_row column_structure=&#8221;1_4,1_4,1_4,1_4&#8243; custom_padding_last_edited=&#8221;on|desktop&#8221; _builder_version=&#8221;4.5.1&#8243; module_alignment=&#8221;center&#8221; custom_padding=&#8221;||||false|false&#8221; custom_padding_tablet=&#8221;||||false|false&#8221; custom_padding_phone=&#8221;||||false|false&#8221; hover_enabled=&#8221;0&#8243;][et_pb_column type=&#8221;1_4&#8243; _builder_version=&#8221;4.4.8&#8243;][et_pb_image src=&#8221;http:\/\/culturainglesamanaus.com.br\/2020\/wp-content\/uploads\/2020\/07\/kids1ab.png&#8221; title_text=&#8221;kids1ab&#8221; _builder_version=&#8221;4.5.1&#8243; _module_preset=&#8221;default&#8221;][\/et_pb_image][et_pb_text _builder_version=&#8221;4.5.1&#8243; text_font=&#8221;Gotham||||||||&#8221; text_text_color=&#8221;#737277&#8243; text_font_size=&#8221;16px&#8221; header_font=&#8221;Gotham|700|||||||&#8221; header_text_color=&#8221;#1f140f&#8221; hover_enabled=&#8221;0&#8243;]<\/p>\n<h1>Kids 1A\/B<\/h1>\n<p>Dura\u00e7\u00e3o: 1 ano<\/p>\n<p>Carga Hor\u00e1ria: 1h<\/p>\n<p>Idade: 3-4 anos<\/p>\n<p>[\/et_pb_text][\/et_pb_column][et_pb_column type=&#8221;1_4&#8243; _builder_version=&#8221;4.4.8&#8243;][et_pb_image src=&#8221;http:\/\/culturainglesamanaus.com.br\/2020\/wp-content\/uploads\/2020\/07\/kids2ab.png&#8221; title_text=&#8221;kids2ab&#8221; _builder_version=&#8221;4.5.1&#8243; _module_preset=&#8221;default&#8221; hover_enabled=&#8221;0&#8243;][\/et_pb_image][et_pb_text _builder_version=&#8221;4.5.1&#8243; text_font=&#8221;Gotham||||||||&#8221; text_text_color=&#8221;#737277&#8243; text_font_size=&#8221;16px&#8221; header_font=&#8221;Gotham|700|||||||&#8221; header_text_color=&#8221;#1f140f&#8221; hover_enabled=&#8221;0&#8243;]<\/p>\n<h1>Kids 2A\/B<\/h1>\n<p>Dura\u00e7\u00e3o: 1 ano<\/p>\n<p>Carga Hor\u00e1ria: 1h<\/p>\n<p>Idade: 4-5 anos<\/p>\n<p>[\/et_pb_text][\/et_pb_column][et_pb_column type=&#8221;1_4&#8243; _builder_version=&#8221;4.4.8&#8243;][et_pb_image src=&#8221;http:\/\/culturainglesamanaus.com.br\/2020\/wp-content\/uploads\/2020\/07\/kids3ab.png&#8221; title_text=&#8221;kids3ab&#8221; _builder_version=&#8221;4.5.1&#8243; _module_preset=&#8221;default&#8221; hover_enabled=&#8221;0&#8243;][\/et_pb_image][et_pb_text _builder_version=&#8221;4.5.1&#8243; text_font=&#8221;Gotham||||||||&#8221; text_text_color=&#8221;#737277&#8243; text_font_size=&#8221;16px&#8221; header_font=&#8221;Gotham|700|||||||&#8221; header_text_color=&#8221;#1f140f&#8221; hover_enabled=&#8221;0&#8243;]<\/p>\n<h1>Kids 3A\/B<\/h1>\n<p>Dura\u00e7\u00e3o: 1 ano<\/p>\n<p>Carga Hor\u00e1ria: 1h<\/p>\n<p>Idade: 5-6 anos<\/p>\n<p>[\/et_pb_text][\/et_pb_column][et_pb_column type=&#8221;1_4&#8243; _builder_version=&#8221;4.4.8&#8243;][et_pb_image src=&#8221;http:\/\/culturainglesamanaus.com.br\/2020\/wp-content\/uploads\/2020\/07\/kids4ab-BOTH.png&#8221; title_text=&#8221;kids4ab-BOTH&#8221; _builder_version=&#8221;4.5.1&#8243; _module_preset=&#8221;default&#8221; hover_enabled=&#8221;0&#8243;][\/et_pb_image][et_pb_text _builder_version=&#8221;4.5.1&#8243; text_font=&#8221;Gotham||||||||&#8221; text_text_color=&#8221;#737277&#8243; text_font_size=&#8221;16px&#8221; header_font=&#8221;Gotham|700|||||||&#8221; header_text_color=&#8221;#1f140f&#8221; hover_enabled=&#8221;0&#8243;]<\/p>\n<h1>Kids 4A\/B<\/h1>\n<p>Dura\u00e7\u00e3o: 1 ano<\/p>\n<p>Carga Hor\u00e1ria: 1h<\/p>\n<p>Idade: 6-7 anos<\/p>\n<p>[\/et_pb_text][\/et_pb_column][\/et_pb_row][\/et_pb_section]<\/p>\n","protected":false},"excerpt":{"rendered":"<p>Cultura KidsO curso para crian\u00e7as de 3 a 6 anos que \u00e9 a cara da Cultura Inglesa: divertido, com brincadeiras e onde as crian\u00e7as aprendem atrav\u00e9s de experi\u00eancias.Kids 1A\/B Dura\u00e7\u00e3o: 1 ano Carga Hor\u00e1ria: 1h Idade: 3-4 anosKids 2A\/B Dura\u00e7\u00e3o: 1 ano Carga Hor\u00e1ria: 1h Idade: 4-5 anosKids 3A\/B Dura\u00e7\u00e3o: 1 ano Carga Hor\u00e1ria: 1h [&hellip;]<\/p>\n","protected":false},"author":1,"featured_media":0,"parent":0,"menu_order":0,"comment_status":"closed","ping_status":"closed","template":"","meta":{"_et_pb_use_builder":"on","_et_pb_old_content":"","_et_gb_content_width":"","footnotes":""},"class_list":["post-249","page","type-page","status-publish","hentry"],"_links":{"self":[{"href":"https:\/\/culturainglesamanaus.com.br\/2020\/wp-json\/wp\/v2\/pages\/249","targetHints":{"allow":["GET"]}}],"collection":[{"href":"https:\/\/culturainglesamanaus.com.br\/2020\/wp-json\/wp\/v2\/pages"}],"about":[{"href":"https:\/\/culturainglesamanaus.com.br\/2020\/wp-json\/wp\/v2\/types\/page"}],"author":[{"embeddable":true,"href":"https:\/\/culturainglesamanaus.com.br\/2020\/wp-json\/wp\/v2\/users\/1"}],"replies":[{"embeddable":true,"href":"https:\/\/culturainglesamanaus.com.br\/2020\/wp-json\/wp\/v2\/comments?post=249"}],"version-history":[{"count":6,"href":"https:\/\/culturainglesamanaus.com.br\/2020\/wp-json\/wp\/v2\/pages\/249\/revisions"}],"predecessor-version":[{"id":276,"href":"https:\/\/culturainglesamanaus.com.br\/2020\/wp-json\/wp\/v2\/pages\/249\/revisions\/276"}],"wp:attachment":[{"href":"https:\/\/culturainglesamanaus.com.br\/2020\/wp-json\/wp\/v2\/media?parent=249"}],"curies":[{"name":"wp","href":"https:\/\/api.w.org\/{rel}","templated":true}]}}